hat is the highest common factor of 161 and 119?
7
What is the highest common divisor of 8 and 856?
8
What is the greatest common divisor of 85 and 7072?
17
Calculate the highest common divisor of 16 and 1636.
4
What is the highest common divisor of 9875 and 500?
125
Calculate the highest common divisor of 18 and 54.
18
What is the highest common factor of 6147 and 9?
9
What is the greatest common factor of 15 and 30?
15
What is the highest common factor of 10904 and 58?
58
Calculate the greatest common factor of 12 and 23478.
6
What is the greatest common divisor of 25 and 145?
5
What is the greatest common divisor of 128 and 2?
2
Calculate the greatest common factor of 4196 and 8.
4
What is the highest common divisor of 655 and 5?
5
Calculate the greatest common factor of 120 and 3000.
120
What is the highest common factor of 2 and 24578?
2
What is the highest common factor of 288 and 180?
36
Calculate the highest common divisor of 15 and 1005.
15
What is the greatest common factor of 15997 and 17?
17
Calculate the highest common divisor of 221 and 51.
17
Calculate the highest common factor of 33 and 11.
11
Calculate the highest common factor of 96 and 48.
48
Calculate the highest common divisor of 3741 and 2451.
129
What is the greatest common factor of 1976 and 1368?
152
Calculate the highest common factor of 3050 and 100.
50
What is the greatest common factor of 2 and 37?
1
What is the highest common factor of 46 and 74842?
46
Calculate the highest common divisor of 99 and 10593.
99
Calculate the greatest common divisor of 228 and 171.
57
What is the greatest common divisor of 76 and 95?
19
What is the greatest common divisor of 1144 and 264?
88
Calculate the highest common divisor of 60 and 2460.
60
What is the highest common factor of 1744 and 48?
16
Calculate the greatest common factor of 40632 and 48.
24
Calculate the highest common divisor of 13 and 1755.
13
Calculate the greatest common divisor of 3604 and 102.
34
What is the greatest common factor of 66 and 30?
6
What is the greatest common divisor of 455 and 273?
91
What is the greatest common divisor of 393 and 3?
3
Calculate the highest common divisor of 486 and 1674.
54
Calculate the highest common divisor of 4 and 3524.
4
What is the highest common factor of 589 and 992?
31
Calculate the greatest common divisor of 114 and 4218.
114
What is the greatest common factor of 469 and 1608?
67
What is the greatest common divisor of 81 and 15?
3
What is the highest common factor of 858 and 156?
78
What is the highest common factor of 512 and 16?
16
Calculate the greatest common divisor of 552 and 48.
24
Calculate the greatest common factor of 224 and 208.
16
What is the highest common divisor of 28 and 14?
14
Calculate the greatest common factor of 2189 and 11.
11
Calculate the highest common divisor of 176 and 48.
16
What is the greatest common factor of 16 and 2080?
16
Calculate the greatest common divisor of 1220 and 940.
20
What is the greatest common factor of 8 and 63016?
8
What is the highest common divisor of 180 and 1180?
20
What is the greatest common divisor of 63 and 54?
9
Calculate the highest common factor of 26 and 1066.
26
What is the highest common factor of 114 and 2090?
38
What is the highest common factor of 30 and 70?
10
Calculate the greatest common factor of 120 and 300.
60
What is the greatest common divisor of 678 and 12?
6
What is the highest common factor of 408 and 153?
51
Calculate the highest common factor of 8 and 1384.
8
Calculate the greatest common factor of 42 and 378.
42
Calculate the highest common factor of 980 and 224.
28
What is the greatest common divisor of 152 and 1691?
19
What is the greatest common factor of 48 and 216?
24
Calculate the greatest common factor of 70 and 910.
70
Calculate the greatest common divisor of 34 and 391.
17
Calculate the highest common factor of 37 and 3219.
37
Calculate the highest common divisor of 114 and 12.
6
What is the highest common divisor of 57 and 76?
19
Calculate the greatest common divisor of 9 and 531.
9
Calculate the greatest common divisor of 1260 and 2142.
126
Calculate the greatest common divisor of 7686 and 7.
7
Calculate the highest common divisor of 312 and 7644.
156
Calculate the greatest common divisor of 18 and 4194.
18
What is the highest common divisor of 1372 and 7?
7
What is the greatest common divisor of 496 and 62?
62
What is the greatest common factor of 642 and 36?
6
Calculate the greatest common factor of 387 and 43.
43
What is the highest common divisor of 264 and 5192?
88
What is the highest common divisor of 13855 and 170?
85
Calculate the greatest common factor of 30 and 20.
10
What is the highest common factor of 118 and 31742?
118
Calculate the highest common factor of 288 and 360.
72
Calculate the greatest common factor of 1104 and 69.
69
Calculate the highest common factor of 69 and 3036.
69
What is the highest common divisor of 15614 and 74?
74
What is the highest common divisor of 722 and 190?
38
What is the greatest common divisor of 154792 and 88?
88
Calculate the highest common factor of 17 and 833.
17
What is the greatest common factor of 176 and 660?
44
Calculate the highest common factor of 64 and 40.
8
What is the highest common divisor of 75 and 75?
75
What is the greatest common divisor of 40 and 500?
20
Calculate the highest common divisor of 476 and 408.
68
What is the highest common divisor of 27004 and 172?
172
Calculate the greatest common factor of 8 and 2432.
8
What is the greatest common divisor of 56 and 5?
1
Calculate the greatest common factor of 438 and 234.
6
Calculate the greatest common factor of 14 and 12082.
14
What is the highest common divisor of 9 and 51?
3
What is the highest common divisor of 2595 and 15?
15
What is the highest common divisor of 105 and 129570?
105
What is the greatest common divisor of 70785 and 286?
143
Calculate the greatest common divisor of 1771 and 22.
11
Calculate the greatest common factor of 455 and 65.
65
Calculate the highest common divisor of 27 and 5481.
27
Calculate the highest common divisor of 434 and 930.
62
What is the greatest common divisor of 8184 and 48?
24
Calculate the greatest common factor of 168 and 18984.
168
Calculate the greatest common divisor of 1377 and 663.
51
What is the greatest common factor of 130 and 104?
26
Calculate the highest common divisor of 450 and 11160.
90
Calculate the highest common factor of 83 and 4067.
83
Calculate the greatest common divisor of 96 and 12.
12
Calculate the greatest common divisor of 80 and 320.
80
What is the highest common factor of 918 and 204?
102
What is the greatest common factor of 97 and 16199?
97
Calculate the greatest common divisor of 112 and 238.
14
Calculate the highest common factor of 1505 and 105.
35
Calculate the greatest common divisor of 2715 and 15.
15
What is the highest common factor of 45 and 1035?
45
Calculate the greatest common factor of 240 and 400.
80
Calculate the greatest common divisor of 108 and 189.
27
Calculate the highest common divisor of 98 and 32.
2
What is the greatest common factor of 58 and 1334?
58
What is the greatest common divisor of 13 and 13?
13
Calculate the greatest common factor of 4905 and 1305.
45
What is the greatest common factor of 4627 and 7?
7
What is the highest common factor of 114 and 18?
6
Calculate the greatest common factor of 5967 and 8775.
351
What is the greatest common divisor of 936 and 48?
24
Calculate the highest common factor of 10 and 110.
10
What is the highest common factor of 9825 and 75?
75
What is the greatest common factor of 285 and 15?
15
What is the highest common divisor of 20 and 230?
10
What is the greatest common divisor of 180 and 630?
90
Calculate the highest common divisor of 376 and 235.
47
Calculate the highest common divisor of 26 and 1222.
26
What is the highest common factor of 396 and 495?
99
What is the greatest common factor of 46 and 27278?
46
Calculate the highest common divisor of 4 and 284.
4
Calculate the highest common divisor of 14 and 56.
14
What is the highest common divisor of 544 and 1700?
68
Calculate the highest common divisor of 1392 and 2544.
48
Calculate the highest common divisor of 32 and 704.
32
What is the greatest common divisor of 663 and 